e 4, what is -312 - -102231?
101313
In base 14, what is 4 + -d37?
-d33
In base 2, what is 1101010000101111 + 1?
1101010000110000
In base 3, what is 11102102210222 - -11?
11102102211010
In base 13, what is -2 + 5010a?
50108
In base 16, what is -11 + -fb3?
-fc4
In base 8, what is 12122656 + -3?
12122653
In base 5, what is -4 + 234440124?
234440120
In base 7, what is 1 - 1446022?
-1446021
In base 10, what is -4 + 61216?
61212
In base 5, what is 2 + -322413201?
-322413144
In base 2, what is 101000111101 + 11100?
101001011001
In base 12, what is -1a5725 - 6?
-1a572b
In base 8, what is 12 - 261?
-247
In base 15, what is 5 + -26c5b?
-26c56
In base 15, what is -54 - -61?
c
In base 9, what is -351863 - -2?
-351861
In base 5, what is -2 - 40421?
-40423
In base 5, what is 212344 - -42?
212441
In base 14, what is -26d + -23d?
-4ac
In base 4, what is 1103302 + 13?
1103321
In base 14, what is -10588 - 9?
-10593
In base 11, what is -8a + 404?
325
In base 3, what is -2200 + -1012221?
-1022121
In base 13, what is 4c + 598?
617
In base 4, what is 2 + 3123013302?
3123013310
In base 11, what is 12a1343 - 1?
12a1342
In base 9, what is -461 - 24?
-485
In base 16, what is -bc23a - 1?
-bc23b
In base 14, what is -12 + -3b43?
-3b55
In base 2, what is -1011000101111101 - 100?
-1011000110000001
In base 9, what is -146725 - -2?
-146723
In base 11, what is 8575 + 7?
8581
In base 15, what is 33c - -12?
34e
In base 6, what is -134202 + -2?
-134204
In base 3, what is -2 + 120201002212?
120201002210
In base 9, what is -1244603 + 2?
-1244601
In base 11, what is -3 - -56269?
56266
In base 15, what is -16 - 5c?
-73
In base 3, what is -12000202112211 + 11?
-12000202112200
In base 15, what is -1e3 - 101a?
-120d
In base 3, what is -1 + 2020220?
2020212
In base 11, what is -2532 + 1?
-2531
In base 9, what is -1827035 + -4?
-1827040
In base 15, what is -56ea1 - -e?
-56e92
In base 13, what is -3541 + 14?
-352a
In base 15, what is -8a193 + 2?
-8a191
In base 2, what is -111110 + -10101011111?
-10110011101
In base 5, what is 1 - 1232144?
-1232143
In base 15, what is 1c7 + 41e?
5e6
In base 3, what is -102111211101 + 1?
-102111211100
In base 14, what is -685db + -3?
-68600
In base 2, what is 1 - 11101111011101010?
-11101111011101001
In base 3, what is 10 + -11211012210?
-11211012200
In base 14, what is -380c3 + -3?
-380c6
In base 13, what is -c983 - 0?
-c983
In base 13, what is 4612 - 21?
45c1
In base 10, what is 4 + 59778?
59782
In base 15, what is -680 - -82?
-5ed
In base 14, what is -23d + -b07?
-d46
In base 16, what is -27 + -16ba?
-16e1
In base 13, what is -12 - -15975?
15963
In base 5, what is -2 + -2034114?
-2034121
In base 12, what is 8aab + 30?
8b1b
In base 4, what is -213332 + 22130?
-131202
In base 8, what is -17364072 - -3?
-17364067
In base 13, what is -641 + -10?
-651
In base 14, what is -2 + 408a?
4088
In base 14, what is -3 - 23a175?
-23a178
In base 13, what is -5b8 - 117?
-702
In base 2, what is 100111 - -110001000000001?
110001000101000
In base 9, what is 547 + 285?
843
In base 8, what is -643 - -10016?
7153
In base 12, what is -1049 - -1bb?
-a4a
In base 14, what is 136b - 11?
135a
In base 14, what is -959 + -21?
-97a
In base 15, what is d1a - 10?
d0a
In base 10, what is -2 + 7550?
7548
In base 10, what is 395 + -632?
-237
In base 3, what is 1 + -2121212221201?
-2121212221200
In base 4, what is -112001 + -231?
-112232
In base 2, what is -1000001 + 1111010?
111001
In base 13, what is b + 3a963?
3a971
In base 10, what is 18298 + 4?
18302
In base 9, what is 121 - -1265?
1386
In base 3, what is 1121220 + 10022002?
11220222
In base 7, what is -116455 - 4?
-116462
In base 5, what is -2020 - 304310?
-311330
In base 10, what is -1 + -1223820?
-1223821
In base 3, what is 11 + -2021021?
-2021010
In base 4, what is 10 - -1231233?
1231303
In base 7, what is 453562 - 4?
453555
In base 8, what is 50040 + -7?
50031
In base 7, what is 5241610 + -3?
5241604
In base 8, what is 1347 - -34?
1403
In base 9, what is 4 + -14401?
-14386
In base 8, what is -3 - 106107?
-106112
In base 8, what is -67307 + 3?
-67304
In base 13, what is -1501 + 146?
-1388
In base 14, what is 2199b - 3?
21998
In base 10, what is 20 + 15386?
15406
In base 7, what is -506204 - 2?
-506206
In base 8, what is 4141 + -474?
3445
In base 14, what is 2 + 5b2d?
5b31
In base 3, what is -1100200 + 11202?
-1011221
In base 9, what is 0 + 1840335?
1840335
In base 7, what is 4 - 10543110?
-10543103
In base 4, what is -101022333 - -2?
-101022331
In base 13, what is -2a3 + 87c?
5a9
In base 16, what is -2 + -d57?
-d59
In base 10, what is 135341 + -3?
135338
In base 16, what is -4 - -1572d1?
1572cd
In base 6, what is 5 + 41442?
41451
In base 12, what is -3 + 170aa?
170a7
In base 14, what is 4b + -24?
27
In base 13, what is 1725c7 - 3?
1725c4
In base 2, what is -1011110 - -1000010011101110?
1000010010010000
In base 9, what is -16 + -2150?
-2166
In base 3, what is -221200220222 + 2?
-221200220220
In base 5, what is 1101 + 10331?
11432
In base 8, what is 12007054 + -5?
12007047
In base 10, what is 34415 + 1?
34416
In base 2, what is 11011011 + 110010101?
1001110000
In base 6, what is 3521 + 230?
4151
In base 4, what is 202 - 3020?
-2212
In base 9, what is 8 - -8717?
8726
In base 10, what is 503 - -6748?
7251
In base 13, what is 7799 - 3?
7796
In base 12, what is -1578 - 23?
-159b
In base 10, what is 112 - 40?
72
In base 15, what is 29525 - -13?
29538
In base 10, what is -4 - -4250?
4246
In base 16, what is 1f4e8 + -2?
1f4e6
In base 9, what is -11 - -1861?
1850
In base 8, what is 6 - -161011?
161017
In base 9, what is -163573 + 18?
-163554
In base 16, what is 5 + 89b5?
89ba
In base 9, what is -72613 - -1?
-72612
In base 15, what is 21dd0 - 4?
21dcb
In base 13, what is -174868 + -2?
-17486a
In base 4, what is -31212 + 130?
-31022
In base 8, what is 2411 + 3?
2414
In base 4, what is -13 - -321002?
320323
In base 12, what is 21075 + 2?
21077
In base 16, what is 2 + 5135?
5137
In base 8, what is -10672 - 241?
-11133
In base 2, what is 100 - 11100111100011111000?
-11100111100011110100
In base 3, what is -20112110 - 1120?
-20121000
In base 15, what is -19 - 6d98?
-6db2
In base 10, what is -197 + -20843?
-21040
In base 11, what is 152278 - 2?
152276
In base 8, what is 260152 + -2?
260150
In base 6, what is -1113 - -14511?
13354
In base 14, what is 1c1b2 + 1?
1c1b3
In base 11, what is -8279 + -7?
-8285
In base 14, what is -55 - -327a?
3225
In base 9, what is -7 + -8841?
-8848
In base 8, what is 2523365 + 11?
2523376
In base 16, what is 36e + a71?
ddf
In base 2, what is -1000 + -10101001100?
-10101010100
In base 3, what is 22000 + -21022?
201
In base 13, what is -2 + -6881?
-6883
In base 10, what is 8 - 112824?
-112816
In base 6, what is 1253 + 121?
1414
In base 5, what is -2 - 24341?
-24343
In base 9, what is -24 + 388147?
388123
In base 8, what is -15541 - 21?
-15562
In base 8, what is -62 + -16113?
-16175
In base 16, what is 8 + 1f1a?
1f22
In base 8, what is 4 - -1765256?
1765262
In base 3, what is 110220001 + 112?
110220120
In base 7, what is 3 - 602526?
-602523
In base 14, what is -3 + b015?
b012
In base 13, what is -31 - -198?
167
In base 9, what is -2 + 36383?
36381
In base 13, what is -98026 + c?
-98017
In base 13, what is 786 + -c?
777
In base 13, what is -6 - -7819?
7813
In base 8, what is 26014 + -2?
26012
In base 2, what is 1001100011111110 - -100?
1001100100000010
In base 4, what is -23 + -1000132?
-1000221
In base 8, what is -133 + 47036?
46703
In base 2, what is 11101010001100111 - 11?
11101010001100100
In base 12, what is 2 + 2a2a8?
2a2aa
In base 15, what is -8339 - -6?
-8333
In base 2, what is -10 - 110001010000011100010?
-110001010000011100100
In base 13, what is 113 - 6b3?
-5a0
In base 3, what is 12 - 122221220?
-122221201
In base 2, what is -10111011110 - -1111?
-10111001111
In base 9, what is -43 - -158?
115
In base 10, what is 5 - 115134?
-115129
In base 6, what is 120402 - 3?
120355
In base 13, what is 0 + a6c73?
a6c73
In base 16, what is b942 - -5?
b947
In base 8, what is 17242420 - -1?
17242421
In base 5, what is 113234104 - 3?
113234101
In base 11, what is -a55 + -10a?
-1064
In base 14, what is -1 + 2d8b?
2d8a
In base 6, what is 12020 + 0?
12020
In base 13, what is 22842 + 12?
22854
In base 6, what is 331411 - 3?
331404